Does 5 divide 21091023?
False
Does 835 divide 1832861740?
True
Is 6914093 a multiple of 26?
False
Does 25 divide 1123234186?
False
Is 21 a factor of 136119885?
False
Is 119779511 a multiple of 5?
False
Does 382 divide 442897294?
True
Is 108 a factor of 380048224?
False
Is 4 a factor of 1986587?
False
Does 3785 divide 2748614010?
True
Does 3810 divide 902027067?
False
Is 58 a factor of 208967562?
True
Is 1205 a factor of 206164948?
False
Does 11 divide 16734131?
False
Does 716 divide 41673614?
False
Does 2104 divide 172238090?
False
Is 12079027 a multiple of 286?
False
Is 92 a factor of 9203496?
True
Is 5312979 a multiple of 63?
True
Is 1246 a factor of 451306184?
True
Is 5 a factor of 102085300?
True
Is 1244 a factor of 17101268?
True
Does 851 divide 1681976821?
True
Does 231 divide 944935530?
True
Is 1022 a factor of 92702554?
True
Does 206 divide 570203336?
False
Is 30 a factor of 81870000?
True
Is 16 a factor of 698614880?
True
Is 315 a factor of 894709620?
True
Is 269913194 even?
True
Does 7194 divide 362678341?
False
Does 119 divide 10474618?
True
Does 125 divide 102158789?
False
Is 6957216 a multiple of 7?
True
Is 158473392 a multiple of 3?
True
Is 86 a factor of 94421550?
True
Is 674882400 a multiple of 96?
True
Is 66 a factor of 705962755?
False
Is 107 a factor of 18912036?
True
Is 6532 a factor of 519875931?
False
Does 12 divide 742298400?
True
Is 17 a factor of 6549007?
False
Does 3 divide 161981160?
True
Does 14 divide 44310790?
False
Is 4 a factor of 5440444?
True
Is 41533680 a multiple of 61?
True
Is 60 a factor of 18961680?
True
Is 269 a factor of 1007637954?
True
Is 54475168 a multiple of 88?
True
Is 1653106495 a multiple of 3951?
False
Is 165 a factor of 16121655?
True
Is 1594182816 a multiple of 288?
True
Does 70 divide 1985801812?
False
Is 44696485 a multiple of 83?
False
Does 1587 divide 37383652?
False
Is 25 a factor of 8462355?
False
Is 86 a factor of 325267010?
False
Is 1213989074 a multiple of 157?
False
Is 287 a factor of 125349547?
False
Is 298416 a multiple of 48?
True
Does 7 divide 6599182?
False
Is 3985322730 a multiple of 6?
True
Does 79 divide 1280882061?
False
Does 4960 divide 4101457259?
False
Does 449 divide 106815753?
True
Is 3252 a factor of 273650988?
False
Does 23 divide 3327546965?
True
Is 5 a factor of 4794415?
True
Does 294 divide 19869108?
True
Is 456030421 a multiple of 44?
False
Is 1582728994 a multiple of 62?
True
Is 10 a factor of 3389430?
True
Is 3671 a factor of 66074329?
True
Does 7 divide 237912906?
True
Does 10 divide 29222160?
True
Does 47 divide 29528817?
False
Does 42 divide 17766630?
True
Is 32507477 a multiple of 2829?
False
Is 84 a factor of 2272897284?
True
Is 714157398 a multiple of 162?
True
Does 46 divide 6332966?
False
Does 86 divide 8645164?
False
Is 253656456 a multiple of 408?
True
Does 108 divide 58890780?
True
Does 122 divide 399178220?
False
Is 155559835 a multiple of 438?
False
Does 23 divide 822073820?
True
Does 14 divide 1226960882?
True
Does 253 divide 2763262139?
False
Does 5112 divide 474524904?
False
Does 2162 divide 1435568?
True
Is 138 a factor of 4310553?
False
Is 4993 a factor of 727709778?
True
Is 16002 a factor of 1344023891?
False
Does 17 divide 53307420?
False
Is 55321640 a multiple of 55?
True
Is 107994518 a multiple of 186?
False
Does 90 divide 123005048?
False
Is 618788432 a multiple of 7?
False
Is 241 a factor of 57350529?
True
Is 23114754 a multiple of 114?
True
Is 2072 a factor of 143664359?
False
Does 1139 divide 21165514?
False
Is 190 a factor of 1052814196?
False
Is 18 a factor of 112779386?
False
Is 5416 a factor of 766386510?
False
Is 130676574 a multiple of 934?
False
Is 1104821514 a multiple of 138?
True
Does 431 divide 127364703?
False
Does 255 divide 1884514770?
True
Does 484 divide 134104300?
True
Is 17 a factor of 135869389?
True
Does 95 divide 67373895?
False
Does 106 divide 272300173?
False
Is 1800 a factor of 498845265?
False
Does 1681 divide 139692905?
False
Is 79009742 a multiple of 155?
False
Is 53957617 a multiple of 1132?
False
Does 139 divide 101351433?
True
Does 313 divide 26490946?
False
Does 6 divide 594910985?
False
Is 82775196 a multiple of 42?
True
Does 1998 divide 796122857?
False
Does 23 divide 399218614?
False
Is 47 a factor of 191055008?
False
Is 1912971 a multiple of 237?
False
Does 129 divide 246224039?
False
Does 535 divide 4499885?
True
Is 3018570 a multiple of 1581?
False
Does 2605 divide 29706510?
False
Is 146 a factor of 659178612?
True
Is 134226388 a multiple of 503?
False
Does 1149 divide 117034726?
False
Does 73 divide 49810100?
False
Does 1651 divide 714467871?
False
Is 289 a factor of 232785018?
False
Is 56 a factor of 67948720?
True
Is 15 a factor of 16380840?
True
Is 1148904372 a multiple of 33?
True
Is 8 a factor of 72169544?
True
Is 51406900 a multiple of 51?
False
Is 4246 a factor of 275634128?
False
Is 3 a factor of 2127768?
True
Does 543 divide 192533139?
True
Does 111 divide 282515424?
True
Is 52 a factor of 174184556?
True
Is 594719562 a multiple of 32?
False
Is 240 a factor of 40346559?
False
Is 30 a factor of 84268230?
True
Does 138 divide 47591784?
True
Does 802 divide 152067220?
True
Is 565 a factor of 1424626669?
False
Does 300 divide 686947451?
False
Does 4 divide 24231408?
True
Is 13127593 a multiple of 72?
False
Is 97188812 a multiple of 14?
True
Does 13 divide 203758698?
True
Does 298 divide 21949190?
True
Does 19 divide 75122215?
False
Does 1573 divide 171266667?
True
Is 839921010 a multiple of 503?
False
Is 34107194 a multiple of 369?
False
Is 8 a factor of 878062547?
False
Is 42 a factor of 276540928?
False
Is 245086182 a multiple of 45?
False
Is 12 a factor of 74846356?
False
Is 49 a factor of 231466390?
False
Does 4536 divide 1207900512?
True
Is 1583 a factor of 164133355?
True
Is 4081014899 a multiple of 129?
False
Does 99 divide 457011877?
False
Is 71186940 a multiple of 3020?
False
Does 11 divide 163613032?
True
Is 196800 a multiple of 4?
True
Is 1849 a factor of 30551027?
True
Does 13 divide 402389143?
True
Does 5 divide 101508635?
True
Does 700 divide 613371500?
True
Is 3414880952 a multiple of 8134?
True
Is 3097 a factor of 1129225043?
True
Is 989 a factor of 458979929?
False
Is 1830027147 a multiple of 39?
True
Is 19859232 a multiple of 592?
True
Is 54 a factor of 4658241?
False
Is 6232441852 a multiple of 58?
True
Does 266 divide 913331403?
False
Is 840 a factor of 563007380?
False
Does 72 divide 12422736?
True
Is 73 a factor of 4764272?
True
Is 8 a factor of 204344880?
True
Is 239 a factor of 30392196?
True
Is 1220831584 a multiple of 14?
True
Is 581062012 a multiple of 284?
True
Is 273 a factor of 1553831097?
True
Is 182944576 a multiple of 74?
True
Is 2550896 a multiple of 219?
False
Is 4 a factor of 14549231?
False
Is 277 a factor of 85401039?
True
Is 751585082 a multiple of 90?
False
Is 446708016 a multiple of 18?
True
Is 440 a factor of 66002046?
False
Is 34 a factor of 95394800?
False
Does 5 divide 322451?
False
Does 8 divide 313846120?
True
Is 43886834 a multiple of 1754?
True
Does 2 divide 35310199?
False
Is 536179611 a multiple of 33?
True
Is 342911061 a multiple of 13?
False
Is 18 a factor of 139260870?
True
Is 229757169 a multiple of 79?
False
Is 2610913365 a multiple of 717?
False
Does 4 divide 66281272?
True
Is 4305000 a multiple of 41?
True
Does 3226 divide 6492471256?
False
Is 337 a factor of 332797868?
False
Does 5 divide 82041478?
False
Is 25 a factor of 62290650?
True
Is 221625548 a multiple of 2724?
False
Is 326 a factor of 701720216?
True
Is 48501882 a multiple of 297?
True
Does 1494 divide 37409760?
True
Is 100436635 a multiple of 418?
False
Does 68 divide 18520548?
True
Is 101386760 a multiple of 20?
True
Is 292761144 a multiple of 52?
True
Does 1552 divide 33600519?
False
Does 39 divide 2667054?
True
Is 160176009 a multiple of 31?
False
Is 1821043600 a multiple of 45?
False
Is 11 a factor of 207827529?
False
Is 50078732 a multiple of 22?
True
Is 10359889 a multiple of 518?
False
Is 332 a factor of 150785104?
True
Is 52880174 a multiple of 5?
False
Is 15 a factor of 105217535?
False
Is 79970436 a multiple of 78?
True
Does 36 divide 22806720?
True
Does 2574 divide 3274967124?
True
Is 711 a factor of 256140642?
False
Is 131363664 a multiple of 563?
True
Does 8